ime factors of 6763.
6763
List the prime factors of 2010.
2, 3, 5, 67
List the prime factors of 71804.
2, 29, 619
List the prime factors of 2212.
2, 7, 79
List the prime factors of 3618.
2, 3, 67
What are the prime factors of 8035?
5, 1607
What are the prime factors of 3312?
2, 3, 23
What are the prime factors of 756?
2, 3, 7
List the prime factors of 169.
13
What are the prime factors of 1638?
2, 3, 7, 13
List the prime factors of 5455.
5, 1091
What are the prime factors of 3100?
2, 5, 31
List the prime factors of 944.
2, 59
What are the prime factors of 62806?
2, 31, 1013
What are the prime factors of 8307?
3, 13, 71
What are the prime factors of 2486?
2, 11, 113
What are the prime factors of 4148?
2, 17, 61
List the prime factors of 36492.
2, 3, 3041
What are the prime factors of 40401?
3, 67
What are the prime factors of 8681?
8681
List the prime factors of 92733.
3, 30911
List the prime factors of 1230.
2, 3, 5, 41
What are the prime factors of 4109?
7, 587
What are the prime factors of 3412?
2, 853
What are the prime factors of 43334?
2, 47, 461
List the prime factors of 142429.
7, 20347
List the prime factors of 1077.
3, 359
List the prime factors of 14858.
2, 17, 19, 23
What are the prime factors of 1823?
1823
List the prime factors of 31178.
2, 7, 17, 131
What are the prime factors of 1443?
3, 13, 37
What are the prime factors of 9498?
2, 3, 1583
What are the prime factors of 1029?
3, 7
What are the prime factors of 1666?
2, 7, 17
What are the prime factors of 4909?
4909
What are the prime factors of 2013?
3, 11, 61
What are the prime factors of 10449?
3, 43
What are the prime factors of 250?
2, 5
What are the prime factors of 2991?
3, 997
List the prime factors of 181885.
5, 11, 3307
List the prime factors of 64092.
2, 3, 7, 109
What are the prime factors of 2834?
2, 13, 109
What are the prime factors of 6595?
5, 1319
What are the prime factors of 8481?
3, 11, 257
What are the prime factors of 26322?
2, 3, 41, 107
List the prime factors of 3782.
2, 31, 61
List the prime factors of 16869.
3, 5623
List the prime factors of 2868.
2, 3, 239
What are the prime factors of 25?
5
What are the prime factors of 56873?
56873
List the prime factors of 11.
11
What are the prime factors of 1986?
2, 3, 331
What are the prime factors of 8987?
11, 19, 43
List the prime factors of 52.
2, 13
What are the prime factors of 1618?
2, 809
What are the prime factors of 8838?
2, 3, 491
List the prime factors of 14301.
3, 7, 227
List the prime factors of 27553.
59, 467
List the prime factors of 7759.
7759
List the prime factors of 5021.
5021
What are the prime factors of 177?
3, 59
List the prime factors of 1335.
3, 5, 89
What are the prime factors of 1025?
5, 41
List the prime factors of 369.
3, 41
List the prime factors of 13542.
2, 3, 37, 61
What are the prime factors of 623?
7, 89
List the prime factors of 25239.
3, 47, 179
What are the prime factors of 43353?
3, 4817
What are the prime factors of 10506?
2, 3, 17, 103
What are the prime factors of 3822?
2, 3, 7, 13
What are the prime factors of 1371?
3, 457
List the prime factors of 44155.
5, 8831
List the prime factors of 657.
3, 73
List the prime factors of 47464.
2, 17, 349
List the prime factors of 169.
13
What are the prime factors of 55623?
3, 18541
List the prime factors of 4928.
2, 7, 11
List the prime factors of 31231.
31231
List the prime factors of 35135.
5, 7027
What are the prime factors of 5665?
5, 11, 103
What are the prime factors of 3646?
2, 1823
What are the prime factors of 15968?
2, 499
List the prime factors of 5770.
2, 5, 577
List the prime factors of 24138.
2, 3, 149
What are the prime factors of 91414?
2, 45707
What are the prime factors of 3300?
2, 3, 5, 11
What are the prime factors of 233?
233
What are the prime factors of 117111?
3, 103, 379
What are the prime factors of 726?
2, 3, 11
What are the prime factors of 51517?
51517
What are the prime factors of 595?
5, 7, 17
List the prime factors of 286.
2, 11, 13
List the prime factors of 126.
2, 3, 7
What are the prime factors of 6118?
2, 7, 19, 23
What are the prime factors of 8873?
19, 467
What are the prime factors of 15688?
2, 37, 53
List the prime factors of 10483.
11, 953
List the prime factors of 6210.
2, 3, 5, 23
What are the prime factors of 43401?
3, 17, 23, 37
List the prime factors of 67333.
7, 9619
List the prime factors of 3371.
3371
List the prime factors of 4740.
2, 3, 5, 79
What are the prime factors of 4750?
2, 5, 19
List the prime factors of 1509.
3, 503
What are the prime factors of 10245?
3, 5, 683
What are the prime factors of 5169?
3, 1723
List the prime factors of 14180.
2, 5, 709
List the prime factors of 706.
2, 353
What are the prime factors of 6209?
7, 887
What are the prime factors of 52840?
2, 5, 1321
What are the prime factors of 33257?
7, 4751
What are the prime factors of 5871?
3, 19, 103
List the prime factors of 4772.
2, 1193
List the prime factors of 817.
19, 43
List the prime factors of 15845.
5, 3169
List the prime factors of 1381.
1381
List the prime factors of 11248.
2, 19, 37
What are the prime factors of 3676?
2, 919
What are the prime factors of 1833?
3, 13, 47
List the prime factors of 31601.
31601
List the prime factors of 97700.
2, 5, 977
List the prime factors of 2027.
2027
List the prime factors of 5781.
3, 41, 47
What are the prime factors of 1040?
2, 5, 13
List the prime factors of 33684.
2, 3, 7, 401
What are the prime factors of 9939?
3, 3313
List the prime factors of 679.
7, 97
What are the prime factors of 11468?
2, 47, 61
What are the prime factors of 18819?
3, 17, 41
List the prime factors of 1610.
2, 5, 7, 23
List the prime factors of 1614.
2, 3, 269
List the prime factors of 36.
2, 3
What are the prime factors of 12178?
2, 6089
List the prime factors of 53570.
2, 5, 11, 487
What are the prime factors of 112683?
3, 37561
What are the prime factors of 5466?
2, 3, 911
List the prime factors of 4343.
43, 101
List the prime factors of 38.
2, 19
What are the prime factors of 20851?
29, 719
What are the prime factors of 101501?
101501
What are the prime factors of 439?
439
What are the prime factors of 40562?
2, 17, 1193
List the prime factors of 475.
5, 19
What are the prime factors of 43550?
2, 5, 13, 67
What are the prime factors of 998?
2, 499
What are the prime factors of 1337?
7, 191
List the prime factors of 443.
443
List the prime factors of 467.
467
List the prime factors of 2960.
2, 5, 37
List the prime factors of 13396.
2, 17, 197
List the prime factors of 8424.
2, 3, 13
List the prime factors of 532.
2, 7, 19
List the prime factors of 9153.
3, 113
List the prime factors of 9996.
2, 3, 7, 17
List the prime factors of 1024.
2
List the prime factors of 1124.
2, 281
List the prime factors of 1113.
3, 7, 53
What are the prime factors of 7059?
3, 13, 181
What are the prime factors of 15032?
2, 1879
List the prime factors of 3726.
2, 3, 23
List the prime factors of 2191.
7, 313
What are the prime factors of 102?
2, 3, 17
What are the prime factors of 13824?
2, 3
List the prime factors of 485.
5, 97
List the prime factors of 27443.
13, 2111
What are the prime factors of 1755?
3, 5, 13
List the prime factors of 968.
2, 11
List the prime factors of 1114.
2, 557
What are the prime factors of 37954?
2, 7, 2711
List the prime factors of 9143.
41, 223
What are the prime factors of 40261?
13, 19, 163
List the prime factors of 39.
3, 13
List the prime factors of 4252.
2, 1063
List the prime factors of 10640.
2, 5, 7, 19
What are the prime factors of 22754?
2, 31, 367
List the prime factors of 93699.
3, 29, 359
List the prime factors of 1423.
1423
List the prime factors of 3979.
23, 173
What are the prime factors of 1481?
1481
List the prime factors of 2580.
2, 3, 5, 43
List the prime factors of 1484.
2, 7, 53
List the prime factors of 20324.
2, 5081
What are the prime factors of 12584?
2, 11, 13
What are the prime factors of 9766?
2, 19, 257
What are the prime factors of 47016?
2, 3, 653
List the prime factors of 368.
2, 23
List the prime factors of 15743.
7, 13, 173
What are the prime factors of 85138?
2, 42569
List the prime factors of 25820.
2, 5, 1291
List the prime factors of 1089.
3, 11
List the prime factors of 57425.
5, 2297
List the prime factors of 39444.
2, 3, 19, 173
